{"id":4447,"date":"2016-10-18T17:48:01","date_gmt":"2016-10-18T16:48:01","guid":{"rendered":"http:\/\/collectifarpis.fr\/?page_id=4447"},"modified":"2026-02-25T16:52:11","modified_gmt":"2026-02-25T15:52:11","slug":"2016lesmurmuresdananke","status":"publish","type":"page","link":"https:\/\/collectifarpis.fr\/index.php\/spectacle\/2016lesmurmuresdananke\/","title":{"rendered":"2016 Installation Num\u00e9rique &#8211; Les murmures d&rsquo;Anank\u00e9"},"content":{"rendered":"\n<p>LES MURMURES D\u2019ANANK\u00c9<br>Installation sc\u00e9nographique et performance de mime multim\u00e9dia<\/p>\n\n\n\n<p>Prenons un instant pour \u00e9couter les grillons et discuter avec les baleines. Cette installation prom\u00e8ne le spectateur autour d\u2019une bulle mar\u00e9cageuse, aux c\u00f4t\u00e9s d\u2019un \u00e9trange personnage solitaire, o\u00f9 le quotidien et l\u2019attente deviennent humour et po\u00e9sie.<\/p>\n\n\n\n<p>L\u2019artiste Kannelle.P est mise en sc\u00e8ne dans son d\u00e9cor num\u00e9ris\u00e9 par Kilian et l\u2019aUtRe et Simon Marmorat.<\/p>\n\n\n\n<figure class=\"wp-block-embed is-type-video is-provider-youtube wp-block-embed-youtube wp-embed-aspect-16-9 wp-has-aspect-ratio\"><div class=\"wp-block-embed__wrapper\">\n<iframe loading=\"lazy\" title=\"Installation Nuit Blanche- Les murmures d&#039;Ananke\u0301 -Collectif ARpiS\" width=\"1032\" height=\"581\" src=\"https:\/\/www.youtube.com\/embed\/-uEX_sS5IWQ?feature=oembed\" frameborder=\"0\" allow=\"accelerometer; autoplay; clipboard-write; encrypted-media; gyroscope; picture-in-picture; web-share\" referrerpolicy=\"strict-origin-when-cross-origin\" allowfullscreen><\/iframe>\n<\/div><\/figure>\n\n\n\n<p>\u2014\u2014\u2014\u2014\u2014\u2014\u2014\u2014\u2013\u2014\u2014\u2014\u2014\u2014\u2014\u2014\u2014\u2013\u2014\u2014\u2014\u2013<\/p>\n\n\n\n<p>Cr\u00e9ation collective interpr\u00e9t\u00e9e et cr\u00e9\u00e9e par Kannelle .P &amp; Kilian et l\u2019aUtRe, accompagn\u00e9s de Simon Marmorat pour la programmation num\u00e9rique et de Dorian Mansiaux pour la composition musicale.<\/p>\n\n\n\n<p>Le collectif souhaite poursuivre sa recherche dans la confrontation de l\u2019art vivant aux arts num\u00e9riques.<br>La nouvelle cr\u00e9ation, con\u00e7ue d\u2019abord comme une performance pr\u00e9sent\u00e9e \u00e0 la Nuit Blanche 2016, sera ensuite d\u00e9velopp\u00e9e et adapt\u00e9e de mani\u00e8re \u00e0 \u00eatre pr\u00e9sent\u00e9e sous la forme d\u2019un spectacle.<\/p>\n\n\n\n<p>Suivez le travail en temps r\u00e9el sur le compte Instagram du collectif :<a href=\"https:\/\/www.instagram.com\/collectifarpis\/\"> https:\/\/www.instagram.com\/collectifarpis\/<\/a><\/p>\n","protected":false},"excerpt":{"rendered":"<p>LES MURMURES D\u2019ANANK\u00c9Installation sc\u00e9nographique et performance de mime multim\u00e9dia Prenons un instant pour \u00e9couter les grillons et discuter avec les baleines. Cette installation prom\u00e8ne le &hellip;<\/p>\n","protected":false},"author":1,"featured_media":0,"parent":3946,"menu_order":3,"comment_status":"closed","ping_status":"closed","template":"","meta":{"footnotes":""},"class_list":["post-4447","page","type-page","status-publish","hentry"],"_links":{"self":[{"href":"https:\/\/collectifarpis.fr\/index.php\/wp-json\/wp\/v2\/pages\/4447","targetHints":{"allow":["GET"]}}],"collection":[{"href":"https:\/\/collectifarpis.fr\/index.php\/wp-json\/wp\/v2\/pages"}],"about":[{"href":"https:\/\/collectifarpis.fr\/index.php\/wp-json\/wp\/v2\/types\/page"}],"author":[{"embeddable":true,"href":"https:\/\/collectifarpis.fr\/index.php\/wp-json\/wp\/v2\/users\/1"}],"replies":[{"embeddable":true,"href":"https:\/\/collectifarpis.fr\/index.php\/wp-json\/wp\/v2\/comments?post=4447"}],"version-history":[{"count":7,"href":"https:\/\/collectifarpis.fr\/index.php\/wp-json\/wp\/v2\/pages\/4447\/revisions"}],"predecessor-version":[{"id":4754,"href":"https:\/\/collectifarpis.fr\/index.php\/wp-json\/wp\/v2\/pages\/4447\/revisions\/4754"}],"up":[{"embeddable":true,"href":"https:\/\/collectifarpis.fr\/index.php\/wp-json\/wp\/v2\/pages\/3946"}],"wp:attachment":[{"href":"https:\/\/collectifarpis.fr\/index.php\/wp-json\/wp\/v2\/media?parent=4447"}],"curies":[{"name":"wp","href":"https:\/\/api.w.org\/{rel}","templated":true}]}}