{"id":3990,"date":"2014-07-02T22:49:56","date_gmt":"2014-07-02T22:49:56","guid":{"rendered":"https:\/\/themify.me\/demo\/themes\/music\/?page_id=3990"},"modified":"2026-02-08T18:20:49","modified_gmt":"2026-02-08T17:20:49","slug":"quisommesnous","status":"publish","type":"page","link":"https:\/\/collectifarpis.fr\/index.php\/home\/quisommesnous\/","title":{"rendered":"Qui sommes nous ?"},"content":{"rendered":"\n<p class=\"has-text-align-center\"><em><strong>\u00ab Le collectif Arpis est n\u00e9 de la volont\u00e9 de faire percuter le corps et les arts num\u00e9riques \u00bb.<\/strong><\/em><\/p>\n\n\n\n<p class=\"has-text-align-center\">Cr\u00e9\u00e9 en 2013 d\u2019abord comme une simple collaboration r\u00e9unissant danseurs, musiciens et vid\u00e9astes, cette coop\u00e9ration aboutit \u00e0 la cr\u00e9ation d\u2019un spectacle hybride <strong>\u00ab La b\u00eate immonde \u00bb<\/strong> qui mat\u00e9rialise les premiers pas du collectif.<\/p>\n\n\n\n<p class=\"has-text-align-center\">L\u2019id\u00e9e \u00e9tant de rassembler des artistes de domaines diff\u00e9rents (danseurs, musiciens, graphistes, mimes, d\u00e9veloppeurs informatiques, vid\u00e9astes etc..) et de faire entrechoquer les pratiques.<\/p>\n\n\n\n<p class=\"has-text-align-center\">-En 2014 le collectif se sp\u00e9cialise dans la rencontre entre les arts vivants et les arts num\u00e9riques et se fixe une direction artistique orient\u00e9e vers l\u2019onirisme.<\/p>\n\n\n\n<p class=\"has-text-align-center\">-En Novembre 2015, le collectif cr\u00e9e un spectacle de mime multim\u00e9dia pour l\u2019Espace Tonkin de Villeurbanne<strong>.\u00ab Le fabuleux voyage du petit architecte \u00bb. <\/strong>Il s\u2019en suit une tourn\u00e9e francilienne, dans le sud de la France ainsi qu\u2019au Festival d\u2019Avignon.<\/p>\n\n\n\n<p class=\"has-text-align-center\">-En octobre 2016, le collectif r\u00e9alise une performance pour la 13<sup>\u00e8me<\/sup> \u00e9dition de la nuit blanche <strong>\u00ab Les murmures d\u2019Anank\u00e9 \u00bb<\/strong>.<\/p>\n\n\n\n<p class=\"has-text-align-center\">-En 2018, le collectif continue son travail et sa r\u00e9flexion autour des arts<br>num\u00e9riques et d\u00e9cide d\u2019enrichir la pr\u00e9c\u00e9dente performance pour aboutir<br>\u00e0 un spectacle \u00e9ponyme m\u00ealant le corps et l\u2019image num\u00e9rique interactive.<\/p>\n\n\n\n<p class=\"has-text-align-center\">-En 2023 le collectif sort son premier spectacle tr\u00e8s jeune public <strong>\u201cLe R\u00e9veil de Pomone\u201d<\/strong><\/p>\n\n\n\n<p class=\"has-text-align-center\">D\u2019abord une petite forme th\u00e9\u00e2trale \u00e0 destination du tr\u00e8s jeune public. En parall\u00e8le le collectif travaille sur un exposition num\u00e9rique interactive <strong>\u201cLa vall\u00e9e des \u00e9chos\u201d<\/strong><\/p>\n\n\n\n<p>Suivez nous sur Instagram pour suivre l\u2019avanc\u00e9 des cr\u00e9ations.<\/p>\n","protected":false},"excerpt":{"rendered":"<p>\u00ab Le collectif Arpis est n\u00e9 de la volont\u00e9 de faire percuter le corps et les arts num\u00e9riques \u00bb. Cr\u00e9\u00e9 en 2013 d\u2019abord comme une &hellip;<\/p>\n","protected":false},"author":1,"featured_media":0,"parent":2256,"menu_order":1,"comment_status":"closed","ping_status":"closed","template":"","meta":{"footnotes":""},"class_list":["post-3990","page","type-page","status-publish","hentry"],"_links":{"self":[{"href":"https:\/\/collectifarpis.fr\/index.php\/wp-json\/wp\/v2\/pages\/3990","targetHints":{"allow":["GET"]}}],"collection":[{"href":"https:\/\/collectifarpis.fr\/index.php\/wp-json\/wp\/v2\/pages"}],"about":[{"href":"https:\/\/collectifarpis.fr\/index.php\/wp-json\/wp\/v2\/types\/page"}],"author":[{"embeddable":true,"href":"https:\/\/collectifarpis.fr\/index.php\/wp-json\/wp\/v2\/users\/1"}],"replies":[{"embeddable":true,"href":"https:\/\/collectifarpis.fr\/index.php\/wp-json\/wp\/v2\/comments?post=3990"}],"version-history":[{"count":8,"href":"https:\/\/collectifarpis.fr\/index.php\/wp-json\/wp\/v2\/pages\/3990\/revisions"}],"predecessor-version":[{"id":4732,"href":"https:\/\/collectifarpis.fr\/index.php\/wp-json\/wp\/v2\/pages\/3990\/revisions\/4732"}],"up":[{"embeddable":true,"href":"https:\/\/collectifarpis.fr\/index.php\/wp-json\/wp\/v2\/pages\/2256"}],"wp:attachment":[{"href":"https:\/\/collectifarpis.fr\/index.php\/wp-json\/wp\/v2\/media?parent=3990"}],"curies":[{"name":"wp","href":"https:\/\/api.w.org\/{rel}","templated":true}]}}